value of -10 - (3 + 5 + -18)?
0
Evaluate -6 - ((-2 - -6) + -2 - 2).
-6
Calculate 8 + (-6 - -2) + -4 + 0.
0
What is 7 + (6 - (5 + 5))?
3
What is the value of -1 + (-8 - -3) + 9 + -3?
0
Evaluate 5 + 2 + -3 - 1.
3
Evaluate 23 + -3 + -7 + -13.
0
4 - 9 - (-3 - -2)
-4
Evaluate (-4 - 5) + 5 + 2 - -3.
1
Calculate 11 + (4 + -7 - 2).
6
What is the value of (16 - 12) + -3 - (12 + -2)?
-9
Evaluate 0 - -1 - (64 + -63).
0
1 + -4 + 1 + 59 + -54
3
What is the value of 40 - 22 - (-1 - -14)?
5
Evaluate 0 - (15 - 11 - (5 - 2)).
-1
Evaluate -5 - (-3 - -7 - 7 - 6).
4
What is the value of 3 + -1 - (4 - (-6 + 12))?
4
What is the value of 25 - 32 - (-4 - 1)?
-2
Evaluate -18 - -12 - (0 - 1).
-5
What is (26 - 17) + (-2 - -1 - 2)?
6
What is -4 - (-1 - 8 - -3)?
2
Calculate 4 - ((-8 - -8) + 9).
-5
What is 3 + -1 + (-4 + 10 - 5)?
3
Evaluate 3 - (16 + (-3 - 5)).
-5
What is the value of 1 - (-4 + 4) - -1?
2
Evaluate 5 - (8 + -6 + -2).
5
What is 0 + 0 - (-8 - -3)?
5
Calculate 12 + -5 + -10 + 5.
2
What is (10 - 7) + (5 + -4 - 3)?
1
Evaluate -8 + 11 - (0 + -2).
5
Calculate 12 + 6 + -4 + -12.
2
Evaluate -8 - -16 - (2 - 0).
6
What is (4 - 8) + -3 + -2?
-9
Calculate 8 + -8 + (-14 - -9).
-5
(-7 - (-4 - 4)) + -8 + 8
1
Evaluate -12 + (-2 - -2) + 8.
-4
What is 1 - (-1 + 5 + 0)?
-3
What is the value of 0 + 5 - (-37 + 33)?
9
What is 5 + 6 + (-6 - 5)?
0
What is the value of 6 + 0 + -5 + 3?
4
What is (2 + -2 - 4) + -1 + 1?
-4
What is the value of -3 - (-4 - 1 - 0)?
2
-1 - (1 + -2 + -1 + 0)
1
-62 - -60 - (0 + -1 - 1)
0
What is the value of 40 + -45 + 2 + 0 + 1?
-2
Evaluate 0 - (1 + -1) - 2.
-2
What is the value of (15 + -8 - -3) + -11?
-1
What is -6 + (0 - -3) - -1?
-2
What is 4 - (-2 + 4) - 1?
1
-1 - 1 - (-1 - -2)
-3
Calculate 3 + -6 + 6 + -7.
-4
9 - (6 + (-4 - -3) + -1)
5
What is -1 + (-1 - 2) + (-63 - -72)?
5
What is the value of -1 - 5 - (-14 - (-8 + -5))?
-5
7 - -2 - (-4 - -13)
0
13 + 0 + (-180 - -171)
4
What is the value of 7 + -5 + -6 + 6 + -2?
0
What is (21 - 22) + (-1 - -6)?
4
Calculate -7 - ((3 + 0 - 2) + 1).
-9
1 + -7 + 3 + 1 + -8
-10
Calculate -2 + 10 + 2 + -15.
-5
Evaluate -5 - -9 - (-3 + 7).
0
What is 0 - (0 - 2) - (-14 + 17)?
-1
Evaluate 7 + (3 + -10 - -1).
1
Evaluate -1 - (-3 + 3 + -3 + 4).
-2
10 + -6 + (-2 - -2)
4
What is -11 + 10 - (2 - (-6 - -15))?
6
-3 - 2 - -3 - -4 - 6
-4
What is -9 - (1 - 2 - (6 + -1))?
-3
Evaluate (2 - 0) + (-4 + -5 - -4).
-3
Evaluate -4 + 3 + (-2 - 2) + 4.
-1
Calculate -2 + 1 + 14 + -12.
1
Evaluate -5 - (-7 - -3 - 0).
-1
What is the value of -5 - (-7 - (-7 - -2))?
-3
What is the value of (-1 - 3) + 18 + -10 + -1?
3
What is -7 + -3 - (-8 + 1)?
-3
Evaluate 12 + -12 + (-3 - (0 - 2)).
-1
Evaluate (-16 - (-7 + -7)) + 5 + 0.
3
-6 + 0 + 0 - -1
-5
What is 4 + (-5 - 1 - -2)?
0
(-2 - (4 - 7) - 1) + 2
2
Calculate 4 - (6 - (-6 - -6)).
-2
Calculate 1 + 2 + -10 - -4.
-3
Calculate 5 - (-6 - -13) - -1.
-1
Calculate 12 + -6 + -10 - 2.
-6
What is the value of 6 + -4 - ((1 - 2) + 6)?
-3
Calculate (3 - 2) + (5 - 8).
-2
Calculate -3 + (1 - -1) + (-9 - -8).
-2
2 - 8 - (-3 - 6) - 4
-1
What is -3 - (-2 - -12) - -7?
-6
-2 + 4 + -1 + 2 + -5
-2
Evaluate (-1 - -2) + (0 - 4).
-3
What is the value of -22 - (6 + -12 + -6)?
-10
Calculate -1 + 3 - (-10 + 5).
7
(1 - 10) + (-8 - -11)
-6
Calculate -4 - -5 - (-4 + (3 - 1)).
3
Calculate 5 + -7 + 4 - 1.
1
3 - ((-37 - -32) + 1 + 0)
7
What is -3 + 2 + -4 + (19 - 10)?
4
What is 4 - (6 - (0 - -6))?
4
Calculate (-94 - -93) + (0 - -4).
3
What is 2 - (1 - 1 - (-6 + 7))?
3
Evaluate -6 + 13 + 2 + -1 + -5.
3
Evaluate 5 - (16 + (-11 - -1)).
-1
Evaluate 1 + -1 + (-14 - -20).
6
-4 + -17 + 5 + (1 - -5)
-10
(12 - 7 - 4) + -5
-4
Evaluate 52 - 45 - (7 + 0).
0
What is -5 + 5 + 3 - (-2 - -9)?
-4
Calculate (-4 - -9) + -3 + 0.
2
-1 - 11 - (7 - (11 + 2))
-6
What is the value of 2 + (3 - (8 + 0))?
-3
What is the value of (9 - (1 - 1)) + (-9 - -5)?
5
56 - 55 - (0 + 9)
-8
Calculate 6 + -5 + 6 - (-1 - -5).
3
What is the value of 14 + 4 - (29 - 19)?
8
Calculate 6 + (9 - 8 - 3).
4
What is the value of -1 - (1 - -1 - 3)?
0
What is the value of (6 - (-25 + 12)) + -13?
6
Calculate -3 - ((-15 - (1 - 4)) + 5).
4
Calculate -9 - -7 - (0 - 0).
-2
What is the value of (2 - ((2 - 1) + -2)) + -3?
0
What is the value of 1 + -1 + 10 + -6?
4
1 - ((3 - 6 - -1) + 1)
2
What is -8 + (8 - 2 - 0)?
-2
Calculate 26 - 34 - (2 - 5).
-5
Calculate (1 - 2) + (-4 + 5 - 4).
-4
What is -2 + -3 + 7 + -3?
-1
Calculate 90 + -89 - (-1 + -3).
5
Calculate -3 + -1 + 2 + 0.
-2
What is the value of (-10 - -6) + 4 + 5?
5
Evaluate -1 + 4 + 0 + -1 + -3.
-1
Calculate (2 - 0) + -2 - (7 - 2).
-5
Evaluate 2 + (1 - 2) + (1 - 2).
0
What is the value of (7 - (4 - (0 + 11))) + -7?
7
Evaluate -12 - (10 + -17 + 0).
-5
What is 51 + -41 + -5 + -2?
3
What is 4 + 1 + 3 + -3?
5
Calculate 15 - 12 - (-6 - (-2 + 1)).
8
Calculate -6 - (64 - 58 - (15 + 1)).
4
(3 - (3 + (0 - 5))) + -2
3
Calculate (0 - 4 - 1) + 8.
3
What is 0 + -8 + 2 + 2?
-4
What is the value of 16 + (-9 - (-4 - -4))?
7
What is the value of 8 + (0 - 5) + -2?
1
What is the value of 2 + 2 - (2 - -5)?
-3
What is (-3 - -7) + -4 + 1 + 1?
2
What is the value of 1 + 2 + -4 + -2 + 5?
2
Evaluate 12 + -2 + (-5 - 1).
4
-6 + 18 + -1 + -6
5
What is the value of -3 + 5 - (0 + -3)?
5
Calculate 2 - (-2 + (-5 - -2)) - 4.
3
Evaluate (-3 - 5) + 9 + 2.
3
Evaluate (-4 - -6 - 0) + -2 + -3.
-3
What is -1 - (-1 + -1 + (-3 - -6))?
-2
Evaluate -13 - -11 - (1 - (1 + -2)).
-4
What is the value of -2 + (0 - 3 - -8 - 2)?
1
Calculate -4 - (-3 - (4 - 0 - 4)).
-1
4 + 3 + -5 - (1 + -3)
4
What is 2 + -5 - 1 - -6 - 3?
-1
Evaluate (1 - (-13 - -6)) + -5.
3
Evaluate -2 + -2 + 3 + -1 - 3.
-5
What is 1 + -4 + 3 - 1?
-1
What is (1 - 2 - 5 - -7) + 3?
4
Evaluate -3 - ((-1 - -5) + -2).
-5
Calculate -1 + -1 - (4 + -4 + 3).
-5
What is -6 + 7 - 9 - -4?
-4
Evaluate (1 - 1) + (2 - 4) + 4.
2
-5 + (-7 - -21) - 4
5
-3 - -3 - -2 - 0
2
(8 - (2 + -2)) + 1 + -3
6
What is -1 - ((-2 - -4) + 1) - 3?
-7
0 - -4 - (-1 - -1)
4
Evaluate 2 - -1 - (-5 - -3).
5
What is (1 - 0) + 4 + -7 - 0?
-2
Evaluate -1 + 8 - (-14 - -18).
3
Calculate -11 + (-1 - -2) - -4 - -10.
4
Evaluate -13 + -2 + 10 + 1 + 9.
5
Evaluate 1 + (-10 - (-8 + -2)).
1
What is the value of -3 - (4 - (-6 + 4 + 4))?
-5
Evaluate 1 + 2 + 1 - (31 - 31).
4
8 + 7 + -6 + -16
-7
Calculate (2 + 1 - 2) + -5 + 3.
-1
What is -7 + -8 + 6 - -6 - -3?
0
What is -3 - (4 - 9 - -5)?
-3
-4 + 1 + 3 + (-4 - -4)
0
Evaluate -3 + (-3 - 0) - -6.
0
-7 + 8 + -8 + 8
1
Calculate 6 - (1 - 0 - -2).
3
What is the value of (5 - 1 - 0) + -9?
-5
What is 8 - (5 + 1 - -1)?
1
Calculate 4 - (-5 - (0 - (3 + 1))).
5
Calculate (-6 - -8 - (6 + -2)) + -3.
-5
Evaluate (2 + -9 - -5) + -1.
-3
Evaluate (-2 - (3 + -5 - 0)) + -4.
-4
What is the value of 6 - (6 - -5) - -4?
-1
What is the value of -12 - ((1 - -2 - 6) + -3)?
-6
What is the value of (-8 - -11) + (0 - (-1 - -6))?
-2
-5 - (-15 + 4 + 3)
3
58 + -64 + 9 + -1
2
Calculate (3 + -2 - -1 - 4) + -2.
-4
What is 2 + -5 + -13 + 17?
1
Evaluate (-6 - (1 + -9)) + -4.
-2
What is the value of (2 - -1 - 2) + (-12 - -6)?
-5
Calculate 35 - 40 - (5 + 0).
-10
What is -3 - 8 - -6 - -10?
5
Calculate -36 - -41 - (3 - 1).
3
Calculate -5 + 2 + 2 - -6.
5
Evaluate (0 - -2) + -6 + 4 - -2.
2
(-3 + -1 - -11) + -4
3
Calculate 8 - (1 - (-3 + (-3 - -5))).
6
What is 1 + 6 + (-10 - (-5 + 1))?
1
What is 2 + (6 - (4 - 0))?
4
What is 2 + 10 + -3 - (15 - 11)?
5
What is the value of -188 + 195 + (-13 - 0 - -1)?
-5
Evaluate -3 + (-2 - -3) + 12 - 5.
5
What is 0 - 0 - (1 + 3 + -1)?
-3
Calculate -1 - (-3 + 8 - 1).
-5
What is (1 - (7 - 2)) + 6?
2
44 - 41 - (-7 - -1)
9
-4 + 0 + (-7 - (-3 - 4))
-4
Calculate (-1 - (4 - 10)) + -3.
2
What is -1 + (2 - (-2 + (1 - -5)))?
-3
What is the value of (2 - (0 + 3)) + 2?
1
Evaluate 8 + (0 - 2) + -1.
5
What is -2 + -5 + 2 + 0 + -1?
-6
Calculate (-3 - -10 - 4) + 1 + -3.
1
Evaluate 16 + -6 - (8 - 2).
4
Evaluate 9 + -7 + -5 + (0 - -2).
-1
What is the value of -1 - -5 - (-52 + 52)?
4
What is the value of -2 - -6 - -2 - (-7 - -10)?
3
(1 - -3 - 0) + -6
-2
What is the value of 5 - (-13 + 10 + 2 + 1)?
5
Evaluate -3 + 2 - -3 - 0.
2
Calculate 4 + -9 + 1 + 8.
4
Evaluate 0 + 3 + (-15 - -7) + 5.
0
What is -1 + -1 - (-4 - 1 - -3)?
0
Calculate 1 + -3 - (-18 - -19).
-3
Calculate 3 - (0 - (0 + -3) - 0).
0
Evaluate 7 + -14 - (-3 + 2).
-6
Calculate (28 - 30) + (5 - (-1 + 1)).
3
E